hen 507960 is divided by 25?
10
Calculate the remainder when 2108 is divided by 695.
23
What is the remainder when 1643177 is divided by 77?
74
What is the remainder when 1157 is divided by 37?
10
Calculate the remainder when 13254 is divided by 34.
28
What is the remainder when 767 is divided by 28?
11
Calculate the remainder when 13397 is divided by 104.
85
What is the remainder when 215811 is divided by 331?
330
Calculate the remainder when 45516 is divided by 16.
12
What is the remainder when 3079 is divided by 1022?
13
What is the remainder when 29236 is divided by 33?
31
What is the remainder when 1953117 is divided by 120?
117
What is the remainder when 65573 is divided by 14?
11
What is the remainder when 940 is divided by 57?
28
What is the remainder when 59895 is divided by 11976?
15
What is the remainder when 699 is divided by 132?
39
Calculate the remainder when 1406 is divided by 82.
12
What is the remainder when 6994 is divided by 179?
13
What is the remainder when 9034 is divided by 47?
10
Calculate the remainder when 498268 is divided by 102.
100
What is the remainder when 11499 is divided by 31?
29
Calculate the remainder when 30298 is divided by 15131.
36
What is the remainder when 8664 is divided by 382?
260
Calculate the remainder when 1834224 is divided by 6391.
7
Calculate the remainder when 747 is divided by 740.
7
Calculate the remainder when 13917 is divided by 2143.
1059
What is the remainder when 752 is divided by 52?
24
Calculate the remainder when 13128 is divided by 199.
193
What is the remainder when 35970 is divided by 1893?
3
What is the remainder when 17076 is divided by 774?
48
Calculate the remainder when 107120 is divided by 83.
50
What is the remainder when 1717 is divided by 350?
317
What is the remainder when 36059 is divided by 682?
595
Calculate the remainder when 3013 is divided by 337.
317
What is the remainder when 6755 is divided by 84?
35
Calculate the remainder when 708573 is divided by 183.
180
What is the remainder when 852 is divided by 143?
137
Calculate the remainder when 45801 is divided by 1908.
9
Calculate the remainder when 12480 is divided by 959.
13
What is the remainder when 1197807 is divided by 8?
7
Calculate the remainder when 11862 is divided by 39.
6
What is the remainder when 1505230 is divided by 345?
340
Calculate the remainder when 29675 is divided by 337.
19
Calculate the remainder when 13350 is divided by 103.
63
What is the remainder when 6908 is divided by 49?
48
Calculate the remainder when 4521 is divided by 876.
141
Calculate the remainder when 47394 is divided by 23694.
6
Calculate the remainder when 416600 is divided by 208286.
28
What is the remainder when 9157 is divided by 546?
421
Calculate the remainder when 40054 is divided by 177.
52
Calculate the remainder when 74515 is divided by 19.
16
What is the remainder when 65066 is divided by 1712?
10
Calculate the remainder when 11208 is divided by 261.
246
What is the remainder when 3760 is divided by 26?
16
Calculate the remainder when 48447 is divided by 16.
15
What is the remainder when 4140 is divided by 61?
53
Calculate the remainder when 3865 is divided by 1247.
124
What is the remainder when 18996 is divided by 3164?
12
Calculate the remainder when 2496 is divided by 155.
16
What is the remainder when 1801673 is divided by 14?
13
What is the remainder when 122997 is divided by 114?
105
Calculate the remainder when 2052 is divided by 87.
51
Calculate the remainder when 30902 is divided by 37.
7
Calculate the remainder when 547462 is divided by 90.
82
Calculate the remainder when 3657 is divided by 284.
249
Calculate the remainder when 1727 is divided by 48.
47
Calculate the remainder when 18739 is divided by 71.
66
Calculate the remainder when 82039 is divided by 34.
31
What is the remainder when 29765 is divided by 66?
65
What is the remainder when 30017 is divided by 1033?
60
What is the remainder when 85995 is divided by 2457?
0
What is the remainder when 71365 is divided by 545?
515
What is the remainder when 231740 is divided by 1413?
8
What is the remainder when 21817 is divided by 750?
67
What is the remainder when 4220 is divided by 303?
281
Calculate the remainder when 4612 is divided by 3571.
1041
What is the remainder when 102531 is divided by 28?
23
Calculate the remainder when 57140 is divided by 879.
5
What is the remainder when 5163 is divided by 13?
2
What is the remainder when 250403 is divided by 154?
153
Calculate the remainder when 81859 is divided by 671.
668
Calculate the remainder when 57962 is divided by 90.
2
Calculate the remainder when 8752 is divided by 4300.
152
What is the remainder when 778 is divided by 315?
148
What is the remainder when 9529 is divided by 64?
57
Calculate the remainder when 6087 is divided by 52.
3
Calculate the remainder when 206219 is divided by 1442.
13
Calculate the remainder when 2213 is divided by 88.
13
Calculate the remainder when 3059 is divided by 266.
133
What is the remainder when 483620 is divided by 658?
648
Calculate the remainder when 78544 is divided by 7.
4
What is the remainder when 23190 is divided by 67?
8
Calculate the remainder when 18409 is divided by 3681.
4
Calculate the remainder when 7248 is divided by 1081.
762
What is the remainder when 685879 is divided by 241?
234
Calculate the remainder when 57417 is divided by 145.
142
What is the remainder when 104158 is divided by 685?
38
Calculate the remainder when 27849 is divided by 392.
17
What is the remainder when 1835465 is divided by 1709?
1708
Calculate the remainder when 213669 is divided by 254.
55
Calculate the remainder when 36112 is divided by 1405.
987
What is the remainder when 27017 is divided by 158?
157
What is the remainder when 3857 is divided by 42?
35
Calculate the remainder when 31694 is divided by 737.
3
What is the remainder when 307281 is divided by 17071?
3
What is the remainder when 83605 is divided by 57?
43
Calculate the remainder when 6579 is divided by 6.
3
Calculate the remainder when 9228 is divided by 65.
63
What is the remainder when 1577 is divided by 724?
129
What is the remainder when 7151 is divided by 595?
11
Calculate the remainder when 200685 is divided by 8.
5
Calculate the remainder when 459306 is divided by 3.
0
Calculate the remainder when 3404 is divided by 37.
0
Calculate the remainder when 20714 is divided by 2947.
85
What is the remainder when 59891 is divided by 29937?
17
What is the remainder when 843491 is divided by 907?
888
What is the remainder when 3286 is divided by 19?
18
What is the remainder when 100199 is divided by 100199?
0
What is the remainder when 1961 is divided by 838?
285
What is the remainder when 2783 is divided by 90?
83
What is the remainder when 8217 is divided by 4103?
11
What is the remainder when 27423 is divided by 16?
15
Calculate the remainder when 1834 is divided by 600.
34
Calculate the remainder when 11223 is divided by 148.
123
Calculate the remainder when 53628 is divided by 419.
415
Calculate the remainder when 13075 is divided by 4350.
25
What is the remainder when 9073 is divided by 1007?
10
What is the remainder when 345678 is divided by 115220?
18
Calculate the remainder when 12311 is divided by 186.
35
Calculate the remainder when 415 is divided by 48.
31
Calculate the remainder when 1011620 is divided by 691.
687
Calculate the remainder when 572349 is divided by 352.
349
Calculate the remainder when 3327 is divided by 341.
258
Calculate the remainder when 143805 is divided by 14.
11
What is the remainder when 58180 is divided by 45?
40
What is the remainder when 10337 is divided by 350?
187
What is the remainder when 24797 is divided by 2730?
227
What is the remainder when 2883116 is divided by 123?
119
Calculate the remainder when 10965 is divided by 1090.
65
Calculate the remainder when 282 is divided by 234.
48
What is the remainder when 1497 is divided by 163?
30
Calculate the remainder when 4101 is divided by 177.
30
Calculate the remainder when 19795 is divided by 759.
61
What is the remainder when 153908 is divided by 147?
146
Calculate the remainder when 18223 is divided by 212.
203
What is the remainder when 28572 is divided by 127?
124
What is the remainder when 41436 is divided by 